-65485 + -3eb?
-65881
In base 13, what is -10982 + 852?
-10130
In base 4, what is -11211123003 + -1023?
-11211130032
In base 14, what is 5 - -194a5c?
194a63
In base 5, what is 113134 + 104002?
222141
In base 12, what is -4 - 2053841?
-2053845
In base 14, what is -53 - -9dd7bc?
9dd769
In base 7, what is -1206 - -20512466?
20511260
In base 11, what is 7369 - 3974?
34a5
In base 8, what is 1214161 + 300?
1214461
In base 13, what is -10 + -53b5844?
-53b5854
In base 11, what is -1a0685 + 65?
-1a0620
In base 12, what is 1b29a16 - 0?
1b29a16
In base 16, what is 54cb - -467?
5932
In base 15, what is -6dd + 6d68?
667a
In base 7, what is 130043432 + 22?
130043454
In base 9, what is -227164 + -18?
-227183
In base 8, what is 2030026233 - 0?
2030026233
In base 10, what is -2 + 70531861?
70531859
In base 16, what is -9be49 + 26c?
-9bbdd
In base 3, what is -101210 + 1002020220102?
1002020111122
In base 12, what is 1347480 + -4?
1347478
In base 10, what is 48 + -5212703?
-5212655
In base 7, what is 21264 + -1135?
20126
In base 12, what is -19792 + a76?
-18918
In base 10, what is 94252 - -38?
94290
In base 13, what is 14ab5870 + 2?
14ab5872
In base 14, what is 3 + 4b9583?
4b9586
In base 8, what is 373635 + 47?
373704
In base 6, what is 23 + -4024441?
-4024414
In base 3, what is -10 - -1021020201120000?
1021020201112220
In base 10, what is -24 - 97172?
-97196
In base 12, what is 4536a - 1377?
43bb3
In base 16, what is -13f - 275?
-3b4
In base 12, what is -50b04103 - 3?
-50b04106
In base 14, what is -5a20 + -32?
-5a52
In base 9, what is -1200406 - -500?
-1188806
In base 5, what is -3 - 1013203423?
-1013203431
In base 7, what is 1665132 + -554?
1664245
In base 9, what is -484244 + -4?
-484248
In base 15, what is -247dc + 26e2?
-220ea
In base 15, what is -2c5e4 - -139?
-2c4aa
In base 4, what is -3223313 + 1022232?
-2201021
In base 9, what is 3677 - -463?
4251
In base 11, what is 409 + 87a28?
88336
In base 9, what is 32428541 - 4?
32428536
In base 5, what is 20212 - -44311?
120023
In base 14, what is -1 - -2946163?
2946162
In base 2, what is 1001000011001100000100011 + 1100?
1001000011001100000101111
In base 15, what is 2587b1 - 6?
2587aa
In base 10, what is -192287 + 4097?
-188190
In base 15, what is -187088a2 - -1?
-187088a1
In base 12, what is 1667 - 7761a?
-75b73
In base 14, what is 4bd2b + 64?
4bd91
In base 12, what is 1397556 - -5?
139755b
In base 2, what is 1000000 - -101010110000100011?
101010110001100011
In base 6, what is 4235354515 + -11?
4235354504
In base 15, what is -76032 + c3?
-75e5e
In base 15, what is 4 - -874aa2?
874aa6
In base 9, what is 66 + 4538050?
4538126
In base 8, what is 4314334 + 4?
4314340
In base 7, what is -206 - -10561655?
10561446
In base 8, what is 3447304 - -7?
3447313
In base 11, what is 5 - -164787896?
1647878a0
In base 8, what is 101 - -17674701?
17675002
In base 15, what is 3cc2 + -224?
3a9d
In base 3, what is 2010021101 - -1110011?
2011201112
In base 2, what is 1101101100111101 - 101000100110?
1101000100010111
In base 5, what is 404020302034 - 1?
404020302033
In base 11, what is -53883 + 326?
-53558
In base 5, what is 34242 + -2130140?
-2040343
In base 9, what is -5640 - -3276?
-2353
In base 7, what is 432 - 102356?
-101624
In base 9, what is -252060371 + -4?
-252060375
In base 8, what is 3 - -133254751?
133254754
In base 2, what is -11001010100000001101001 + -1100?
-11001010100000001110101
In base 2, what is -110110111000001101 - 11110010011?
-110111010110100000
In base 15, what is 2691de7 - 1?
2691de6
In base 8, what is -63002175 - -5?
-63002170
In base 16, what is 4 - -f33cda5?
f33cda9
In base 11, what is 508a + -79a6?
-2917
In base 16, what is 113 - 30bc?
-2fa9
In base 9, what is 424208167 + -1?
424208166
In base 14, what is -80 - 17363a?
-1736ba
In base 14, what is b37 - 2ca?
84b
In base 5, what is 1114 - 11220113?
-11213444
In base 14, what is 14 + -5b419b?
-5b4187
In base 6, what is 302545 + -11153?
251352
In base 3, what is 2111 + 20112221000222?
20112221010110
In base 9, what is 6751403 + -25?
6751367
In base 8, what is 571 + 456266?
457057
In base 10, what is -3 + 7564036?
7564033
In base 15, what is -b + 12007c?
120071
In base 13, what is -16 + -4b287cc?
-4b28815
In base 12, what is -27390b + -1?
-273910
In base 2, what is 11 - 1101110101101101010101?
-1101110101101101010010
In base 13, what is 120a9c - -83?
120b52
In base 11, what is 16 + -1982977?
-1982961
In base 9, what is -6 + -600082?
-600088
In base 11, what is 3 + -193490a?
-1934907
In base 16, what is -4a3 + 450b?
4068
In base 5, what is 10434 - 11202044?
-11141110
In base 9, what is 1830721 + 61?
1830782
In base 2, what is 100 - -1010101001001001110110110?
1010101001001001110111010
In base 2, what is -100001 - -1010111111000001001001?
1010111111000000101000
In base 6, what is -2325 + -30015?
-32344
In base 8, what is 45773 + -24?
45747
In base 3, what is 2222121220220101 - 120?
2222121220212211
In base 14, what is -1217 + 48da?
36c3
In base 14, what is -399b44a - 5?
-399b451
In base 8, what is 32505 + -125045?
-72340
In base 11, what is 10a303a + 6?
10a3045
In base 16, what is 4d - -26c51?
26c9e
In base 11, what is 121a45a9 - -1?
121a45aa
In base 7, what is -4 + -12265134212?
-12265134216
In base 15, what is 1 + -79b401?
-79b400
In base 12, what is -9417 - -252b?
-6aa8
In base 9, what is 5 + 12454775?
12454781
In base 8, what is -12262 - -27071?
14607
In base 15, what is 3eb2d - 15?
3eb18
In base 9, what is 434600 - 41?
434548
In base 5, what is -2331120 - 20341?
-2402011
In base 13, what is 15a2c62 - 36?
15a2c29
In base 11, what is -1545 + -4485?
-5a1a
In base 11, what is -1460037 - -206?
-145a931
In base 3, what is 2122 - -222120202012002?
222120202021201
In base 15, what is -600 + -129b5?
-130b5
In base 7, what is -216 + 25035034?
25034515
In base 12, what is 23132563 + 6?
23132569
In base 14, what is -648 - 7a0?
-1008
In base 12, what is -1344 + -4a98?
-6220
In base 4, what is 31001 - -3131101033?
3131132100
In base 11, what is 6a8381749 + 3?
6a8381751
In base 16, what is -4 + -b3e1545?
-b3e1549
In base 15, what is 1ba - 17135?
-16e6a
In base 15, what is 42c2ddc + 4?
42c2de1
In base 2, what is -1010 + 10100010001000101100011101?
10100010001000101100010011
In base 10, what is 0 + 1681808?
1681808
In base 7, what is 24414435 + 33?
24414501
In base 2, what is -111100111011001110010010111 - 1?
-111100111011001110010011000
In base 14, what is 10c125 - 0?
10c125
In base 9, what is -3 - -48365371?
48365367
In base 2, what is -1100001110000000111000 - -10111?
-1100001110000000100001
In base 5, what is 24144 + -330114?
-300420
In base 13, what is 275 + -31c80?
-31a08
In base 6, what is 20 - 115251100?
-115251040
In base 3, what is -11001212010102 - -10?
-11001212010022
In base 16, what is c0a - 27f?
98b
In base 13, what is 46 - 5b4c0?
-5b477
In base 14, what is -b63c5 - b?
-b63d2
In base 12, what is 22 - 24772a9?
-2477287
In base 5, what is -141331141011 - -10?
-141331141001
In base 13, what is -3 - -6bb32c?
6bb329
In base 11, what is -22801 + -141?
-22942
In base 8, what is 34257 + 220214?
254473
In base 13, what is 421c - b205?
-6cb6
In base 4, what is 111031333302 - 1?
111031333301
In base 9, what is 104 + -723788?
-723684
In base 9, what is 1008407 + -2?
1008405
In base 14, what is 1405c6 + 26c?
140854
In base 15, what is 7669b - -7?
766a3
In base 4, what is -31321 - -12003110?
11311123
In base 5, what is 4210311134 - -3?
4210311142
In base 10, what is 474836 + -36?
474800
In base 10, what is 6 + 2925421?
2925427
In base 14, what is -3bc - -4816?
4438
In base 8, what is -1405 + -103754?
-105361
In base 3, what is 1020222 + -10010000010?
-10001202011
In base 12, what is -59669 + 3791?
-55a98
In base 13, what is 16c3 - aa9?
917
In base 12, what is -319 + 9a801?
9a4a4
In base 14, what is 586406 - -8?
586410
In base 14, what is -24 + 678363?
67833d
In base 10, what is -15360 - 1010?
-16370
In base 16, what is 3d2d4 - 2dd?
3cff7
In base 6, what is -5 + -200251544?
-200251553
In base 6, what is -2543 + -132335?
-135322
In base 9, what is -221 - 620208?
-620430
In base 15, what is 3 + 5b6d4a0?
5b6d4a3
In base 8, what is -3 + 3642106?
3642103
In base 16, what is 5b4f1e + 4?
5b4f22
In base 16, what is -14 - -7c886?
7c872
In base 14, what is 496 - 78d9?
-7443
In